) be the first derivative of l**4/4 + 5*l**3/3 - 3*l**2/2 - l - 3. Give g(s).
-19
Let m(c) be the first derivative of c**4/4 - 7*c**3/3 + 3*c**2/2 + c - 27. Suppose 0 = 120*y - 250 - 230. Calculate m(y).
-35
Let s(p) = 2*p**3 + p**2 + 3. Let z(a) = 13*a**3 - 6*a**2 - 13*a + 7. Let c(d) = -6*s(d) + z(d). Calculate c(13).
-11
Let m(x) be the third derivative of -x**8/20160 + x**7/720 + x**6/120 - 5*x**5/6 - x**2 + 60. Let c(a) be the third derivative of m(a). What is c(7)?
6
Let z(y) be the second derivative of y**7/420 + y**6/360 - y**5/120 - 25*y**3/2 - 60*y. Let w(u) be the second derivative of z(u). What is w(1)?
2
Let r(u) = 3*u**3 + 44*u**2 - 84*u + 65. Let s(t) = t**3 + 22*t**2 - 42*t + 34. Let b(v) = -2*r(v) + 5*s(v). Let y be b(20). Let a(g) = g - 9. What is a(y)?
-9
Let r(z) be the first derivative of -z**3/3 - 15*z**2/2 - 26*z + 1556. Determine r(-16).
-42
Let w be -15 + 280/60*3. Let n(p) be the first derivative of -p**3 + 1. What is n(w)?
-3
Let s(a) = -a**3 + 8*a**2 - a - 5. Let n be s(7). Suppose -5*o + 9 = -5*b - 6, 0 = 5*o - b - 27. Let m(g) = 42 - n + 3*g - o*g. Calculate m(6).
-13
Let o(v) = 3*v**3 + 105598*v - v**3 + 7*v**2 - 2 - v**3 - 105594*v. Calculate o(-4).
30
Let b(j) = -6*j + 46. Let m(i) = -12*i + 85. Let d(g) = 5*b(g) - 3*m(g). Give d(16).
71
Let s(u) = -u**3 + 10*u**2 - 10*u + 6. Let n be s(9). Let d(x) = -76 + 42 - 18*x**2 + 37 + 2*x + 18*x**2 + x**2. Give d(n).
6
Let x(y) be the second derivative of y**3/6 - y**2/2 - 2*y - 30. Give x(18).
17
Suppose -8 = -5*l + 17. Suppose l*p - 27 = -12. Let r(j) = -j**3 - j**2 + j + 1. Let a(t) = -4*t**3 - 7*t**2 + 8*t + 6. Let i(b) = a(b) - 5*r(b). What is i(p)?
19
Suppose -5*n = -304 - 1136. Let r(z) = 297*z - 4*z**3 + 0 - 584*z - 1 + n*z - z**2. Let w(u) = -u**2 + 7*u + 19. Let f be w(9). What is r(f)?
-5
Let m = -12632 + 12632. Let k(i) = i**2 - i - 15. Let l(q) = q**2 - q - 16. Let b(o) = -6*k(o) + 5*l(o). Determine b(m).
10
Let g(d) = d**2 - 1. Let x be g(-2). Suppose -x*h - 11 + 20 = 0. Let s(a) = -a**3 + 3*a**2 + a + 3. Determine s(h).
6
Suppose -i - 2*r = 3, -r = -28*i + 29*i + 3. Let d(n) = -29*n - 84. What is d(i)?
3
Let w = 373 - 384. Let n(d) = -d**3 - 12*d**2 - 8*d + 24. Let b be n(w). Let v(z) = z**2 + 11*z + 10. What is v(b)?
-8
Let j(k) be the first derivative of k**4/4 - 8*k**3/3 - 8*k**2 - 6808. Calculate j(9).
-63
Let m(v) = v**2 + v. Suppose -u + 3 = 0, 13*t + 25 = 11*t + 5*u. Calculate m(t).
20
Let f(u) = 4*u**2 + 4*u - 271. Let r(n) = 11*n**2 + 13*n - 800. Let x(m) = 8*f(m) - 3*r(m). Calculate x(12).
4
Let d(i) = 951*i - 933*i + 10*i**2 - 9*i**2 + 76. Determine d(-13).
11
Let u(n) = 7*n - 14. Let f(k) = -2*k. Suppose 0*p = -3*p - 4*q - 5, 4*p + 2*q = 0. Let g(y) = p*u(y) + 3*f(y). Calculate g(8).
-6
Let n be (-230)/12 + 63/(-108)*20/14. Let f(d) = -6*d - 116. What is f(n)?
4
Let u = 255 + -241. Suppose 8*b - u = 42. Let t(k) = k**3 - 8*k**2 + 6*k - 2. Give t(b).
-9
Let u(j) be the second derivative of -j**4/12 - 36*j. Let q(w) = -2*w**2 - 8*w + 4. Let x(k) = q(k) - 3*u(k). What is x(5)?
-11
Let q(x) be the first derivative of x**3/3 + x**2/2 - 5*x + 1029. Give q(0).
-5
Let p(s) = -8 - 5 - 53*s + 5 + 56*s - 11. Give p(10).
11
Let c(v) be the first derivative of -v**3/3 - 3*v**2 - 8*v - 1. Suppose 5*p + 611 = 181. Let q = 80 + p. Calculate c(q).
-8
Let j(n) = -128*n - 4732. Let l be j(-37). Let r(a) = -a**3 + 4*a**2 + 2*a - 17. What is r(l)?
-9
Let o(m) = m**3 + 9*m**2 - 3*m - 22. Let b be o(-9). Let v(w) = 5 + 4*w - b - w + 5. Suppose 13 = -2*z + u, -4*z - 3*u = -5*z - 19. What is v(z)?
-7
Let r be (-1)/3 + (-10)/(-3). Suppose -n + 293 = -3*m + 102, 5*n = -r*m - 197. Let z = -62 - m. Let y(u) = -2*u**3 + 3*u**2 - 2*u + 3. What is y(z)?
-5
Let x be (-282)/(-94) + -2 + -3. Let n(k) = k + 12. Calculate n(x).
10
Let j(i) = 29*i**3 + i**2 - 2*i - 2. Let x be j(-1). Let y be ((-6071)/2 + 0)/(x/56). Let a(v) = v**2 - v + y - 3*v - 6067. Calculate a(5).
9
Let a(w) = 10162 - 3387 + 4*w - w**3 + 3*w**2 - 3389 - 3391. Calculate a(-4).
91
Let p be (1 + 1)/(5/15). Suppose p*o = 10*o - 24. Suppose -o*x - 6 = -48. Let u(d) = -d**3 + 8*d**2 - 7*d + 10. What is u(x)?
10
Let a(n) = 60*n - 776. Suppose 5*m = 3*k + 4*m - 43, 5*k - 61 = -m. Give a(k).
4
Let h(r) = 16*r - 4*r + 3 - 9*r. Let y = 8884 - 8888. Give h(y).
-9
Suppose f + 4*p + 11 = 0, -4*f + 40*p - 36*p = -36. Suppose 0 = -4*c - 5*r - 12, -f*c + 0*r + 2*r - 15 = 0. Let l(t) = -8*t - 6. Determine l(c).
18
Let m(y) be the third derivative of 0 + 1/24*y**4 + 7/3*y**3 - 2*y - 3*y**2. Calculate m(-11).
3
Let n = 61 + -58. Suppose -k - n = -2*o + 24, 3*o + 4*k = 24. Let t(f) = -10*f + 24*f - o*f. Calculate t(-1).
-2
Let c(t) be the third derivative of t**4/8 - 19*t**3/6 + 21*t**2 + 42*t. Give c(7).
2
Let f(y) = 6*y**3 - 16*y**2 - 30*y + 61. Let l(d) = 7*d**3 - 17*d**2 - 30*d + 64. Let i(h) = -6*f(h) + 5*l(h). Give i(13).
6
Let t(g) = -38*g**2 + 224*g + 33. Let o(w) = -8*w**2 + 51*w + 8. Let d(j) = 9*o(j) - 2*t(j). What is d(-7)?
125
Let i be (2 + -4)*238/68. Let t(q) = -9*q**3 - 5*q**2 + 2*q - 5. Let h(r) = -4*r**3 - 2*r**2 + r - 2. Let f(w) = i*h(w) + 3*t(w). Give f(0).
-1
Suppose -52*x + 54*x = 30. Let s(k) be the first derivative of -6*k**2 - 3*k + 2. Let a(g) = g. Let r(j) = x*a(j) + s(j). Calculate r(3).
6
Let z(m) = -m + 1. Suppose -3*b - 5 = -4*i, 0 = i + 4*b - 21 - 4. Let r(s) = 1 + 9 + 52*s - 58*s. Let a(w) = i*z(w) - r(w). Calculate a(4).
-1
Let g(t) be the third derivative of -t**5/60 + 11*t**4/24 - 4*t**3 + 373*t**2. Calculate g(9).
-6
Let b(h) = h**3 - 14*h**2 - 2. Let f = 785 - 770. Let t be (-134)/(-10) + 9/f. Calculate b(t).
-2
Let n(i) be the first derivative of -41*i**3/3 + 3*i**2/2 - 3*i + 1884. Determine n(1).
-41
Suppose 13 = 2*k + 11. Let l(z) = -z**2 + 13*z + 1. Let b(v) = v. Let d(c) = k*l(c) - 6*b(c). Calculate d(7).
1
Let x(k) = 53*k**3 - k**2 + k + 2. Suppose -62*n - 36 = 2 + 24. What is x(n)?
-53
Let h(j) = -j**3 + 14*j**2 - 30*j + 218. Let b be 4 - (-6 - ((-21)/(-12) + 30/24)). Calculate h(b).
-3
Let j(m) be the second derivative of -m**6/180 + m**5/40 + m**4/8 - m**3/6 - 5*m**2 + 57*m. Let t(g) be the second derivative of j(g). Calculate t(3).
-6
Let q(z) = -z**3 - 3*z**2 + z - 2. Let g(i) = 7*i**3 + 22*i**2 - 9*i + 13. Let u(y) = -g(y) - 6*q(y). Suppose -12 = m + m + c, -2*m = -4*c - 8. Determine u(m).
-13
Let q(o) = 0*o + 5*o - 9 - 5544*o**3 + 5546*o**3. Determine q(2).
17
Suppose 18*a + 5*s = 23*a + 65, 4*a + 34 = -5*s. Let u(q) = -q**2 - 7*q - 14. What is u(a)?
-58
Suppose 0 = -k + 4*i + 8, 5*k + 5*i = -121 + 361. Let o(f) = f**2 - 37*f - 119. What is o(k)?
1
Let w(r) = 3*r**2 + 10*r - 3. Suppose 5*j + 36 = 17*b - 13*b, -4*j = 2*b + 8. Calculate w(j).
5
Let u(q) = q - 7. Let b be u(9). Let t be 52/9 - (12/(-27))/b. Let o(k) = -3*k + 14. What is o(t)?
-4
Let j(u) = -3*u + 37. Suppose 564*a + 144 = 573*a. Give j(a).
-11
Let i(f) = -2*f**3 - 2*f**3 + 2*f**3. Suppose 702*z + 129 - 17 + 80 + 510 = 0. Give i(z).
2
Let c = -59 - -85. Suppose -c*o - 7 = -25*o. Let y(w) = -4*w - 6 + 4*w - w. Calculate y(o).
1
Let w(i) = 10*i - 22. Let q be w(4). Let f be q/3 - (-1 - -1)/1. Let y(u) = u**2 - 7*u - 4. Calculate y(f).
-10
Suppose u + 119 = 3*x, 0 = -x + 3*u + 44 - 7. Let l(z) = 85*z - 12 - 44*z - z**3 + 5 - x*z + 3*z**2. Give l(3).
-4
Let c = 14321 - 14349. Let b(v) = -v**3 - 29*v**2 - 22*v + 178. What is b(c)?
10
Let f = 40 - 40. Suppose 19 = g - 2*l, 0 = -f*g + 3*g + 2*l - 73. Suppose g*x + 20 = 27*x. Let r(b) = b**3 - 6*b**2 + 6*b + 2. Calculate r(x).
7
Let o(n) = -4*n - 2. Suppose -4*z + f = -12, -5*z + f + f + 12 = 0. Suppose -4*w + 10 = -2*w, -2*t - 18 = -z*w. Let s = 4 + t. Calculate o(s).
-22
Suppose -w + 9*w = -11*w + 7*w. Let g(d) be the first derivative of d**4/4 + d**3/3 - d**2/2 + 25*d - 1. What is g(w)?
25
Let x(y) = 3*y + 2. Suppose -a + 4 = 3*a - 4*j, 2*a = j - 2. Let u be 2/a*42/(-7). Suppose 0 = -2*f + 4*t, -u*f - 3*t + 2*t = 9. Calculate x(f).
-4
Let q(j) = -4 + 12 - 13 - 2*j. Let m(o) = -1. Let a(r) = -2*m(r) - q(r). Suppose 4*v - c + 24 = 0, -v - 5*c = -0*v - 15. Determine a(v).
-3
Let u(k) = 3 + 120*k - 50*k - 69*k + 1. Determine u(7).
11
Let x(r) be the third derivative of -7*r**4/24 - r**3/6 - 7*r**2. Let p = 562 - 565. Calculate x(p).
20
Suppose -6*s + 38 = 110. Let q be